at is 2d (base 14) in base 11?
38
-5 (base 7) to base 6
-5
Convert 110 (base 3) to base 10.
12
3 (base 12) to base 3
10
-1 (base 7) to base 15
-1
Convert -1 (base 3) to base 8.
-1
Convert 169 (base 10) to base 4.
2221
11011 (base 2) to base 6
43
What is 46 (base 15) in base 11?
60
1 (base 12) to base 13
1
Convert f7 (base 16) to base 12.
187
23 (base 6) to base 2
1111
2 (base 6) to base 10
2
2221 (base 3) to base 16
4f
What is -2020 (base 3) in base 12?
-50
What is 3 (base 5) in base 14?
3
-5 (base 8) to base 7
-5
4 (base 13) to base 16
4
1b (base 14) to base 16
19
Convert -42 (base 6) to base 13.
-20
Convert 28 (base 16) to base 11.
37
Convert 21 (base 9) to base 12.
17
Convert -10110 (base 2) to base 4.
-112
-1 (base 9) to base 8
-1
-2 (base 5) to base 10
-2
What is 12 (base 7) in base 16?
9
Convert -1 (base 5) to base 4.
-1
Convert -1111 (base 3) to base 11.
-37
What is 2 (base 14) in base 15?
2
Convert 102 (base 4) to base 16.
12
Convert -182 (base 9) to base 12.
-10b
-92 (base 14) to base 12
-a8
-7b (base 14) to base 5
-414
Convert -18 (base 10) to base 3.
-200
-13 (base 12) to base 3
-120
-323 (base 4) to base 10
-59
-152 (base 10) to base 3
-12122
-25 (base 8) to base 11
-1a
Convert 11 (base 4) to base 7.
5
What is -1 (base 7) in base 2?
-1
What is -11 (base 2) in base 16?
-3
Convert 1010011 (base 2) to base 16.
53
-7 (base 11) to base 15
-7
Convert -31 (base 6) to base 13.
-16
-48 (base 9) to base 7
-62
-45 (base 10) to base 13
-36
What is 31 (base 14) in base 3?
1121
Convert -4a (base 14) to base 6.
-150
Convert -1220 (base 5) to base 3.
-20212
-5 (base 9) to base 11
-5
What is 10 (base 2) in base 14?
2
22 (base 9) to base 16
14
What is -103 (base 9) in base 15?
-59
What is 3 (base 12) in base 13?
3
Convert -5 (base 6) to base 11.
-5
What is 53 (base 14) in base 5?
243
Convert -17 (base 14) to base 7.
-30
What is -10 (base 2) in base 12?
-2
What is -133 (base 4) in base 14?
-23
What is 35 (base 6) in base 2?
10111
Convert 2 (base 5) to base 11.
2
6 (base 9) to base 6
10
What is 3 (base 14) in base 16?
3
Convert 25 (base 15) to base 4.
203
2 (base 16) to base 8
2
What is 111 (base 3) in base 4?
31
What is -1 (base 15) in base 9?
-1
-35 (base 14) to base 11
-43
Convert 1121 (base 3) to base 5.
133
Convert -30 (base 9) to base 3.
-1000
What is 104 (base 7) in base 2?
110101
-14 (base 6) to base 9
-11
What is 3 (base 6) in base 14?
3
0 (base 7) to base 2
0
What is 2 (base 16) in base 4?
2
-8 (base 15) to base 10
-8
Convert -93 (base 13) to base 12.
-a0
4f (base 16) to base 15
54
Convert 1 (base 14) to base 9.
1
3 (base 16) to base 10
3
-20 (base 6) to base 3
-110
Convert 12 (base 3) to base 15.
5
What is 0 (base 10) in base 2?
0
What is 203 (base 5) in base 13?
41
What is 1 (base 6) in base 5?
1
What is -1 (base 11) in base 5?
-1
What is -62 (base 11) in base 13?
-53
-38 (base 10) to base 15
-28
14e (base 15) to base 10
299
Convert -3 (base 10) to base 2.
-11
What is -1000010 (base 2) in base 6?
-150
What is -2 (base 16) in base 7?
-2
Convert 2 (base 10) to base 16.
2
What is 32 (base 12) in base 8?
46
9 (base 13) to base 11
9
6 (base 15) to base 7
6
What is 102 (base 3) in base 9?
12
What is 2 (base 14) in base 10?
2
0 (base 2) to base 9
0
Convert -10011 (base 2) to base 5.
-34
Convert -1d (base 16) to base 2.
-11101
What is -3 (base 6) in base 3?
-10
-1232 (base 4) to base 8
-156
2030 (base 4) to base 10
140
What is -343 (base 6) in base 4?
-2013
-3 (base 15) to base 11
-3
-b0 (base 13) to base 7
-263
Convert 8 (base 13) to base 4.
20
What is 7 (base 12) in base 14?
7
What is 121 (base 6) in base 15?
34
1 (base 15) to base 7
1
Convert -111012 (base 3) to base 16.
-164
Convert 2000 (base 3) to base 5.
204
Convert -100 (base 4) to base 11.
-15
-36 (base 9) to base 7
-45
3 (base 12) to base 13
3
What is 0 (base 9) in base 7?
0
What is 0 (base 16) in base 5?
0
Convert -98 (base 10) to base 13.
-77
What is 140 (base 12) in base 2?
11000000
-7 (base 11) to base 16
-7
-7 (base 16) to base 14
-7
What is 18 (base 10) in base 8?
22
Convert 7 (base 9) to base 2.
111
0 (base 5) to base 2
0
What is -11 (base 3) in base 8?
-4
Convert -a (base 14) to base 2.
-1010
0 (base 13) to base 2
0
1 (base 4) to base 14
1
10033 (base 4) to base 5
2041
Convert -81 (base 15) to base 14.
-89
What is 2 (base 12) in base 7?
2
-10 (base 7) to base 11
-7
What is -5 (base 14) in base 10?
-5
60 (base 7) to base 2
101010
What is 1f (base 16) in base 9?
34
101010000 (base 2) to base 3
110110
Convert 3 (base 4) to base 11.
3
Convert -116 (base 8) to base 7.
-141
Convert 2 (base 10) to base 6.
2
-1 (base 8) to base 15
-1
What is 10 (base 5) in base 13?
5
Convert 232 (base 7) to base 11.
100
What is 148 (base 12) in base 5?
1300
30 (base 4) to base 11
11
Convert 3 (base 13) to base 2.
11
10 (base 8) to base 4
20
What is -31 (base 9) in base 8?
-34
-2300 (base 4) to base 10
-176
-1 (base 3) to base 12
-1
330 (base 5) to base 12
76
Convert -16 (base 10) to base 13.
-13
111010 (base 2) to base 8
72
What is 6 (base 9) in base 4?
12
6 (base 11) to base 10
6
What is -10 (base 3) in base 15?
-3
Convert -124 (base 5) to base 10.
-39
Convert -8 (base 9) to base 8.
-10
What is -143 (base 6) in base 2?
-111111
What is 2 (base 15) in base 9?
2
11 (base 4) to base 16
5
1 (base 15) to base 6
1
1100 (base 2) to base 15
c
Convert -193 (base 11) to base 14.
-11d
Convert 11 (base 8) to base 3.
100
Convert 4 (base 9) to base 14.
4
What is -9b (base 12) in base 2?
-1110111
What is 20 (base 5) in base 8?
12
238 (base 10) to base 2
11101110
Convert 5a (base 14) to base 2.
1010000
What is -66 (base 14) in base 15?
-60
-101 (base 2) to base 11
-5
3 (base 9) to base 5
3
What is 10 (base 2) in base 13?
2
Convert -10 (base 9) to base 4.
-21
Convert 2a (base 16) to base 8.
52
What is 5a (base 13) in base 10?
75
Convert -3 (base 5) to base 3.
-10
What is 10 (base 9) in base 16?
9
Convert -192 (base 10) to base 13.
-11a
-4 (base 7) to base 5
-4
What is 48 (base 11) in base 9?
57
What is 0 (base 6) in base 4?
0
0 (base 6) to base 9
0
Convert -13 (base 9) to base 12.
-10
23 (base 15) to base 12
29
12 (base 10) to base 15
c
What is 102 (base 6) in base 12?
32
What is 2 (base 10) in base 9?
2
Convert 26 (base 9) to base 8.
30
Convert -2 (base 12) to base 2.
-10
Convert 3 (base 10) to base 12.
3
What is 7 (base 11) in base 7?
10
What is 11 (base 2) in base 12?
3
-1 (base 16) to base 5
-1
Convert 125 (base 9) to base 7.
206
What is 50 (base 6) in base 16?
1e
Convert -35 (base 15) to base 5.
-200
Convert -3 (base 4) to base 2.
-11
Convert -3 (base 10) to base 12.
-3
42 (base 7) to base 10
30
-4 (base 14) to base 12
-4
What is 10111 (base 2) in base 4?
113
Convert -20 (base 3) to base 2.
-110
What is -133 (base 5) in base 9?
-47
10110010 (base 2) to base 16
b2
What is -20 (base 11) in base 10?
-22
What is -38 (base 9) in base 16?
-23
What is 7 (base 9) in base 11?
7
78 (base 12) to base 11
84
Convert -7 (base 12) to base 13.
-7
Convert -a (base 11) to base 15.
-a
What is 20 (base 4) in base 11?
8
What is -4 (base 15) in base 7?
-4
Convert -2 (base 4) to base 15.
-2
-35 (base 6) to base 13
-1a
Convert a (base 12) to base 10.
10
Convert 2b (base 14) to base 4.
213
-30 (base 6) to base 9
-20
-c (base 13) to base 14
-c
Convert 12200 (base 3) to base 5.
1103
54 (base 6) to base 11
31
-70 (base 11) to base 12
-65
-515 (base 7) to base 16
-101
Convert 0 (base 2) to base 12.
0
Convert -2 (base 7) to base 5.
-2
What is 2 (base 14) in base 7?
2
7 (base 15) to base 12
7
11 (base 2) to base 4
3
Convert 53 (base 6) to base 15.
23
-12 (base 6) to base 11
-8
What is -42 (base 7) in base 11?
-28
8c (base 14) to base 7
235
1122 (base 3) to base 8
54
What is 1cd (base 14) in base 6?
1425
Convert 80 (base 10) to base 9.
88
Convert -1 (base 12) to base 15.
-1
Convert 4 (base 10) to base 7.
4
What is 2 (base 11) in base 7?
2
What is -101 (base 3) in base 9?
-11
Convert 1c (base 16) to base 15.
1d
What is -a (base 14) in base 13?
-a
What is 0 (base 4) in base 9?
0
What is -10 (base 2) in base 6?
-2
What is -102 (base 3) in base 15?
-b
Convert -5 (base 9) to base 2.
-101
Convert 1 (base 7) to base 9.
1
Convert -2 (base 10) to base 8.
-2
236 (base 7) to base 14
8d
126 (base 12) to base 3
20110
What is -12 (base 3) in base 10?
-5
-1